--
-- Host: 127.0.0.1    Database: conamype_encadenamientos
-- ------------------------------------------------------


--
-- Table structure for table `categoria`
--

CREATE TABLE `categoria` (
  `categoria_id` int(11) NOT NULL AUTO_INCREMENT,
  `nombre` varchar(100) NOT NULL,
  PRIMARY KEY (`categoria_id`)
) ENGINE=InnoDB AUTO_INCREMENT=10 DEFAULT CHARSET=utf8;

--
-- Dumping data for table `categoria`
--

INSERT INTO `categoria` VALUES (1,'Granos'),(2,'Frutas'),(3,'Hortalizas'),(4,'Agroindustriales'),(5,'Pecuarios'),(6,'Pesqueros'),(7,'Artesanias'),(8,'Textiles'),(9,'Calzado');

--
-- Table structure for table `cliente_producto`
--

CREATE TABLE `cliente_producto` (
  `cliente_producto_id` int(11) NOT NULL AUTO_INCREMENT,
  `cliente_id` int(11) NOT NULL,
  `producto_id` int(11) NOT NULL,
  `cantidad` decimal(18,3) NOT NULL,
  `precio` decimal(18,3) NOT NULL,
  PRIMARY KEY (`cliente_producto_id`),
  KEY `cliente_id_idx` (`cliente_id`),
  KEY `fk_cliente_producto_producto_idx` (`producto_id`),
  CONSTRAINT `fk_cliente_producto_cliente` FOREIGN KEY (`cliente_id`) REFERENCES `cliente` (`cliente_id`),
  CONSTRAINT `fk_cliente_producto_producto` FOREIGN KEY (`producto_id`) REFERENCES `producto` (`producto_id`)
) ENGINE=InnoDB AUTO_INCREMENT=5 DEFAULT CHARSET=utf8;

--
-- Dumping data for table `cliente_producto`
--

INSERT INTO `cliente_producto` VALUES (1,1,1,10.000,11.500),(2,3,92,12.100,2.600),(4,3,43,200.000,2.350);

--
-- Table structure for table `constitucion`
--

CREATE TABLE `constitucion` (
  `constitucion_id` int(11) NOT NULL,
  `nombre` varchar(255) CHARACTER SET utf8 COLLATE utf8_spanish_ci NOT NULL,
  PRIMARY KEY (`constitucion_id`)
) ENGINE=InnoDB DEFAULT CHARSET=utf8;

--
-- Dumping data for table `constitucion`
--


--
-- Table structure for table `departamento`
--

CREATE TABLE `departamento` (
  `departamento_id` int(11) NOT NULL AUTO_INCREMENT,
  `nombre` varchar(100) NOT NULL,
  PRIMARY KEY (`departamento_id`)
) ENGINE=InnoDB AUTO_INCREMENT=1002 DEFAULT CHARSET=utf8;

--
-- Dumping data for table `departamento`
--

INSERT INTO `departamento` VALUES (1,'AHUACHAPAN'),(2,'SANTA ANA'),(3,'SONSONATE'),(4,'CHALATENANGO'),(5,'CUSCATLAN'),(6,'SAN SALVADOR'),(7,'LA LIBERTAD'),(8,'SAN VICENTE'),(9,'LA PAZ'),(10,'CABAÑAS'),(11,'USULUTAN'),(12,'SAN MIGUEL'),(13,'MORAZAN'),(14,'LA UNION'),(1000,'-- NO APLICA'),(1001,'NO DEFINIDO');

--
-- Table structure for table `municipio`
--

CREATE TABLE `municipio` (
  `municipio_id` int(11) NOT NULL AUTO_INCREMENT,
  `departamento_id` int(11) NOT NULL,
  `nombre` varchar(100) NOT NULL,
  PRIMARY KEY (`municipio_id`),
  KEY `fk_municipio_departamento_idx` (`departamento_id`),
  CONSTRAINT `fk_municipio_departamento` FOREIGN KEY (`departamento_id`) REFERENCES `departamento` (`departamento_id`)
) ENGINE=InnoDB AUTO_INCREMENT=1001 DEFAULT CHARSET=utf8;

--
-- Dumping data for table `municipio`
--

INSERT INTO `municipio` VALUES (1,1,'AHUACHAPAN'),(2,1,'JUJUTLA'),(3,1,'ATIQUIZAYA'),(4,1,'CONCEPCION DE ATACO'),(5,1,'EL REFUGIO'),(6,1,'GUAYMANGO'),(7,1,'APANECA'),(8,1,'SAN FRANCISCO MENENDEZ'),(9,1,'SAN LORENZO'),(10,1,'SAN PEDRO PUXTLA'),(11,1,'TACUBA'),(12,1,'TURIN'),(13,2,'CANDELARIA DE LA FRONTERA'),(14,2,'CHALCHUAPA'),(15,2,'COATEPEQUE'),(16,2,'EL CONGO'),(17,2,'EL PORVENIR'),(18,2,'MASAHUAT'),(19,2,'METAPAN'),(20,2,'SAN ANTONIO PAJONAL'),(21,2,'SAN SEBASTIAN SALITRILLO'),(22,2,'SANTA ANA'),(23,2,'SANTA ROSA GUACHIPILIN'),(24,2,'SANTIAGO DE LA FRONTERA'),(25,2,'TEXISTEPEQUE'),(26,3,'ACAJUTLA'),(27,3,'ARMENIA'),(28,3,'CALUCO'),(29,3,'CUISNAHUAT'),(30,3,'IZALCO'),(31,3,'JUAYUA'),(32,3,'NAHUIZALCO'),(33,3,'NAHUILINGO'),(34,3,'SALCOATITAN'),(35,3,'SAN ANTONIO DEL MONTE'),(36,3,'SAN JULIAN'),(37,3,'SANTA CATARINA MASAHUAT'),(38,3,'SANTA ISABEL ISHUATAN'),(39,3,'SANTO DOMINGO'),(40,3,'SONSONATE'),(41,3,'SONZACATE'),(42,4,'AGUA CALIENTE'),(43,4,'ARCATAO'),(44,4,'AZACUALPA'),(45,4,'CHALATENANGO'),(46,4,'CITALA'),(47,4,'COMALAPA'),(48,4,'CONCEPCION QUEZALTEPEQUE'),(49,4,'DULCE NOMBRE DE MARIA'),(50,4,'EL CARRIZAL'),(51,4,'EL PARAISO'),(52,4,'LA LAGUNA'),(53,4,'LA PALMA'),(54,4,'LA REINA'),(55,4,'LAS VUELTAS'),(56,4,'NUEVA CONCEPCION'),(57,4,'NUEVA TRINIDAD'),(58,4,'NOMBRE DE JESUS'),(59,4,'OJOS DE AGUA'),(60,4,'POTONICO'),(61,4,'SAN ANTONIO DE LA CRUZ'),(62,4,'SAN ANTONIO LOS RANCHOS'),(63,4,'SAN FERNANDO'),(64,4,'SAN FRANCISCO LEMPA'),(65,4,'SAN FRANCISCO MORAZAN'),(66,4,'SAN IGNACIO'),(67,4,'SAN ISIDRO LABRADOR'),(68,4,'SAN JOSE CANCASQUE'),(69,4,'SAN JOSE LAS FLORES'),(70,4,'SAN LUIS DEL CARMEN'),(71,4,'SAN MIGUEL DE MERCEDES'),(72,4,'SAN RAFAEL'),(73,4,'SANTA RITA'),(74,4,'TEJUTLA'),(75,5,'CANDELARIA'),(76,5,'COJUTEPEQUE'),(77,5,'EL CARMEN'),(78,5,'EL ROSARIO'),(79,5,'MONTE SAN JUAN'),(80,5,'ORATORIO DE CONCEPCION'),(81,5,'SAN BARTOLOME PERULAPIA'),(82,5,'SAN CRISTOBAL'),(83,5,'SAN JOSE GUAYABAL'),(84,5,'SAN PEDRO PERULAPAN'),(85,5,'SAN RAFAEL CEDROS'),(86,5,'SAN RAMON'),(87,5,'SANTA CRUZ ANALQUITO'),(88,5,'SANTA CRUZ MICHAPA'),(89,5,'SUCHITOTO'),(90,5,'TENANCINGO'),(91,6,'AGUILARES'),(92,6,'APOPA'),(93,6,'AYUTUXTEPEQUE'),(94,6,'CUSCATANCINGO'),(95,6,'CIUDAD DELGADO'),(96,6,'EL PAISNAL'),(97,6,'GUAZAPA'),(98,6,'ILOPANGO'),(99,6,'MEJICANOS'),(100,6,'NEJAPA'),(101,6,'PANCHIMALCO'),(102,6,'ROSARIO DE MORA'),(103,6,'SAN MARCOS'),(104,6,'SAN MARTIN'),(105,6,'SAN SALVADOR'),(106,6,'SANTIAGO TEXACUANGOS'),(107,6,'SANTO TOMAS'),(108,6,'SOYAPANGO'),(109,6,'TONACATEPEQUE'),(110,7,'ANTIGUO CUSCATLAN'),(111,7,'CHILTIUPAN'),(112,7,'CIUDAD ARCE'),(113,7,'COLON'),(114,7,'COMASAGUA'),(115,7,'HUIZUCAR'),(116,7,'JAYAQUE'),(117,7,'JICALAPA'),(118,7,'LA LIBERTAD'),(119,7,'SANTA TECLA'),(120,7,'NUEVO CUSCATLAN'),(121,7,'SAN JUAN OPICO'),(122,7,'QUEZALTEPEQUE'),(123,7,'SACACOYO'),(124,7,'SAN JOSE VILLANUEVA'),(125,7,'SAN MATIAS'),(126,7,'SAN PABLO TACACHICO'),(127,7,'TALNIQUE'),(128,7,'TAMANIQUE'),(129,7,'TEOTEPEQUE'),(130,7,'TEPECOYO'),(131,7,'ZARAGOZA'),(132,8,'APASTEPEQUE'),(133,8,'GUADALUPE'),(134,8,'SAN CAYETANO ISTEPEQUE'),(135,8,'SAN ESTEBAN CATARINA'),(136,8,'SAN ILDEFONSO'),(137,8,'SAN LORENZO'),(138,8,'SAN SEBASTIAN'),(139,8,'SAN VICENTE'),(140,8,'SANTA CLARA'),(141,8,'SANTO DOMINGO'),(142,8,'TECOLUCA'),(143,8,'TEPETITAN'),(144,8,'VERAPAZ'),(145,9,'CUYULTITAN'),(146,9,'EL ROSARIO'),(147,9,'JERUSALEN'),(148,9,'MERCEDES LA CEIBA'),(149,9,'OLOCUILTA'),(150,9,'PARAISO DE OSORIO'),(151,9,'SAN ANTONIO MASAHUAT'),(152,9,'SAN EMIGDIO'),(153,9,'SAN FRANCISCO CHINAMECA'),(154,9,'SAN JUAN NONUALCO'),(155,9,'SAN JUAN TALPA'),(156,9,'SAN JUAN TEPEZONTES'),(157,9,'SAN LUIS TALPA'),(158,9,'SAN LUIS LA HERRADURA'),(159,9,'SAN MIGUEL TEPEZONTES'),(160,9,'SAN PEDRO MASAHUAT'),(161,9,'SAN PEDRO NONUALCO'),(162,9,'SAN RAFAEL OBRAJUELO'),(163,9,'SANTA MARIA OSTUMA'),(164,9,'SANTIAGO NONUALCO'),(165,9,'TAPALHUACA'),(166,9,'ZACATECOLUCA'),(167,10,'CINQUERA'),(168,10,'DOLORES'),(169,10,'GUACOTECTI'),(170,10,'ILOBASCO'),(171,10,'JUTIAPA'),(172,10,'SAN ISIDRO'),(173,10,'SENSUNTEPEQUE'),(174,10,'TEJUTEPEQUE'),(175,10,'VICTORIA'),(176,11,'ALEGRIA'),(177,11,'BERLIN'),(178,11,'CALIFORNIA'),(179,11,'CONCEPCION BATRES'),(180,11,'EL TRIUNFO'),(181,11,'EREGUAYQUIN'),(182,11,'ESTANZUELAS'),(183,11,'JIQUILISCO'),(184,11,'JUCUAPA'),(185,11,'JUCUARAN'),(186,11,'MERCEDES UMAÑA'),(187,11,'NUEVA GRANADA'),(188,11,'OZATLAN'),(189,11,'PUERTO EL TRIUNFO'),(190,11,'SAN AGUSTIN'),(191,11,'SAN BUENAVENTURA'),(192,11,'SAN DIONISIO'),(193,11,'SAN FRANCISCO JAVIER'),(194,11,'SAN TURIN'),(195,11,'SANTA ELENA'),(196,11,'SANTA MARIA'),(197,11,'SANTIAGO DE MARIA'),(198,11,'TECAPAN'),(199,11,'USULUTAN'),(200,12,'CAROLINA'),(201,12,'CHAPELTIQUE'),(202,12,'CHINAMECA'),(203,12,'CHIRILAGUA'),(204,12,'CIUDAD BARRIOS'),(205,12,'COMACARAN'),(206,12,'EL TRANSITO'),(207,12,'LOLOTIQUE'),(208,12,'MONCAGUA'),(209,12,'NUEVA GUADALUPE'),(210,12,'NUEVO EDEN DE SAN JUAN'),(211,12,'QUELEPA'),(212,12,'SAN ANTONIO DEL MOSCO'),(213,12,'SAN GERARDO'),(214,12,'SAN JORGE'),(215,12,'SAN LUIS DE LA REINA'),(216,12,'SAN MIGUEL'),(217,12,'SAN RAFAEL ORIENTE'),(218,12,'SESORI'),(219,12,'ULUAZAPA'),(220,13,'ARAMBALA'),(221,13,'CACAOPERA'),(222,13,'CHILANGA'),(223,13,'CORINTO'),(224,13,'DELICIAS DE CONCEPCION'),(225,13,'EL DIVISADERO'),(226,13,'EL ROSARIO'),(227,13,'GUALOCOCTI'),(228,13,'GUATAJIAGUA'),(229,13,'JOATECA'),(230,13,'JOCOATIQUE'),(231,13,'JOCORO'),(232,13,'LOLOTIQUILLO'),(233,13,'MEANGUERA'),(234,13,'OSICALA'),(235,13,'PERQUIN'),(236,13,'SAN CARLOS'),(237,13,'SAN FERNANDO'),(238,13,'SAN FRANCISCO GOTERA'),(239,13,'SAN ISIDRO'),(240,13,'SAN SIMON'),(241,13,'SENSEMBRA'),(242,13,'SOCIEDAD'),(243,13,'TOROLA'),(244,13,'YAMABAL'),(245,13,'YOLOAIQUIN'),(246,14,'LA UNION'),(247,14,'SAN ALEJO'),(248,14,'YUCUAIQUIN'),(249,14,'CONCHAGUA'),(250,14,'INTIPUCA'),(251,14,'SAN JOSE'),(252,14,'EL CARMEN'),(253,14,'YAYANTIQUE'),(254,14,'BOLIVAR'),(255,14,'MEANGUERA DEL GOLFO'),(256,14,'SANTA ROSA DE LIMA'),(257,14,'PASAQUINA'),(258,14,'ANAMOROS'),(259,14,'NUEVA ESPARTA'),(260,14,'EL SAUCE'),(261,14,'CONCEPCION DE ORIENTE'),(262,14,'POLOROS'),(263,14,'LISLIQUE'),(1000,1000,'-- NO APLICA');

--
-- Table structure for table `producto`
--

CREATE TABLE `producto` (
  `producto_id` int(11) NOT NULL AUTO_INCREMENT,
  `categoria_id` int(11) NOT NULL,
  `nombre` varchar(100) NOT NULL,
  `unidad_id` int(11) NOT NULL,
  PRIMARY KEY (`producto_id`),
  KEY `categoria_id_idx` (`categoria_id`),
  KEY `fk_producto_unidad_idx` (`unidad_id`),
  CONSTRAINT `fk_producto_categoria` FOREIGN KEY (`categoria_id`) REFERENCES `categoria` (`categoria_id`),
  CONSTRAINT `fk_producto_unidad` FOREIGN KEY (`unidad_id`) REFERENCES `unidad` (`unidad_id`) ON DELETE NO ACTION ON UPDATE NO ACTION
) ENGINE=InnoDB AUTO_INCREMENT=212 DEFAULT CHARSET=utf8;

--
-- Dumping data for table `producto`
--

INSERT INTO `producto` VALUES (1,1,'FRIJOL  ROJO DE SEDA IMPORTADO',1),(2,1,'FRIJOL  ROJO DE SEDA NACIONAL',1),(3,1,'FRIJOL  TINTO O CORRIENTE IMPORTADO',1),(4,1,'FRIJOL  TINTO O CORRIENTE NACIONAL',1),(5,1,'FRIJOL BLANCO',1),(6,1,'FRIJOL NEGRO',1),(7,1,'MAÍZ BLANCO',1),(8,1,'SORGO',1),(9,2,'AGUACATE CRIOLLO GRANDE',2),(10,2,'AGUACATE CRIOLLO MEDIANO',2),(11,2,'AGUACATE HASS GRANDE',2),(12,2,'AGUACATE HASS MEDIANO',2),(13,2,'BANANO MADURO GRANDE',2),(14,2,'BANANO MADURO GRANDE',2),(15,2,'COCO GRANDE',2),(16,2,'FRESA',3),(17,2,'GUAYABA GRANDE',3),(18,2,'GUINEO DE SEDA',2),(19,2,'JOCOTE DE VERANO',2),(20,2,'LIMON CRIOLLO',2),(21,2,'LIMON PÉRSICO GRANDE',2),(22,2,'LIMON PÉRSICO MEDIANO',2),(23,2,'MANDARINA GRANDE',2),(24,2,'MANDARINA MEDIANA',2),(25,2,'MANGO VERDE CRIOLLO GRANDE',2),(26,2,'MANGO VERDE CRIOLLO MEDIANO',2),(27,2,'MARACUYÁ REDONDA GRANDE',2),(28,2,'NARANJA PIÑA MEDIANA',2),(29,2,'NARANJA VALENCIA GRANDE',2),(30,2,'NARANJA VALENCIA MEDIANA',2),(31,2,'NARANJA VICTORIA MEDIANA',2),(32,2,'PAPAYA RED LADY GRANDE',2),(33,2,'PAPAYA TAINUNG GRANDE',2),(34,2,'PAPAYA TAINUNG MEDIANA',2),(35,2,'PIÑA GOLDEN GRANDE',2),(36,2,'PIÑA GOLDEN MEDIANA',2),(37,2,'PIÑA HAWAIANA',2),(38,2,'PLÁTANO MADURO GRANDE',2),(39,2,'PLÁTANO MADURO MEDIANO',2),(40,2,'TAMARINDO CON CÁSCARA',1),(41,2,'TAMARINDO SIN CÁSCARA',1),(42,2,'ZAPOTE',2),(43,3,'AJO CHINO',2),(44,3,'AJO CRIOLLO MEDIANO',2),(45,3,'APIO  MEDIANO',2),(46,3,'APIO GRANDE',2),(47,3,'AYOTE',3),(48,3,'BROCOLI  MEDIANO',2),(49,3,'BROCOLI GRANDE',2),(50,3,'CEBOLLA BLANCA CON TALLO GRANDE',2),(51,3,'CEBOLLA BLANCA CON TALLO MEDIANA',2),(52,3,'CEBOLLA BLANCA SIN  TALLO GRANDE',2),(53,3,'CEBOLLA BLANCA SIN TALLO MEDIANA',2),(54,3,'CEBOLLA MORADA SIN TALLO',2),(55,3,'CHILE  VERDE MEDIANO',2),(56,3,'CHILE JALAPEÑO',3),(57,3,'CHILE VERDE GRANDE',2),(58,3,'COLIFLOR  GRANDE',2),(59,3,'EJOTE  IMPORTADO',3),(60,3,'EJOTE NACIONAL',3),(61,3,'ELOTE BLANCO GRANDE',2),(62,3,'ELOTE BLANCO GRANDE',2),(63,3,'GÜISQUIL VERDE GRANDE',2),(64,3,'GÜISQUIL VERDE MEDIANO',2),(65,3,'GÜISQUIL VERDE OSCURO GRANDE',2),(66,3,'LECHUGA DE CABEZA GRANDE',2),(67,3,'LECHUGA DE CABEZA GRANDE',3),(68,3,'LOROCO',2),(69,3,'MELÓN GRANDE',2),(70,3,'MELÓN MEDIANO',2),(71,3,'PAPA LENGUA GRANDE',1),(72,3,'PAPA SOLOMA GRANDE',1),(73,3,'PAPA SOLOMA MEDIANA',1),(74,3,'PEPINO GRANDE',2),(75,3,'PEPINO MEDIANO',2),(76,3,'PIPIAN GRANDE',2),(77,3,'PIPIAN MEDIANO',2),(78,3,'RÁBANO',3),(79,3,'REMOLACHA GRANDE',3),(80,3,'REPOLLO GRANDE',3),(81,3,'REPOLLO GRANDE',2),(82,3,'REPOLLO MEDIANO',3),(83,3,'REPOLLO MEDIANO',2),(84,3,'SANDIA REDONDA GRANDE',2),(85,3,'SANDIA REDONDA MEDIANA',2),(86,3,'TOMATE  DE PASTA MEDIANO',2),(87,3,'TOMATE DE ENSALADA GRANDE',2),(88,3,'TOMATE DE PASTA GRANDE',2),(89,3,'YUCA BLANCA',3),(90,3,'ZANAHORIA GRANDE',1),(91,3,'ZANAHORIA MEDIANA',3),(92,4,'AJONJOLÍ',1),(93,4,'AZÚCAR',4),(94,4,'CACAHUETE O MANI',1),(95,4,'CACAO',1),(96,4,'CHOCOLATE EN POLVO',3),(97,4,'HARINA DE MAÍZ',3),(98,4,'HARINA DE TRIGO FUERTE',3),(99,4,'HARINA DE TRIGO SUAVE',3),(100,4,'MIEL DE ABEJA',5),(101,4,'PANELA PRIMERA CLASE',3),(102,4,'PANELA SEGUNDA CLASE',3),(103,4,'PANELA MOLIDA',3),(104,4,'SAL',1),(105,4,'SEMILLA DE MARAÑON',3),(106,4,'CHOCOLATE EN TABLILLA',3),(107,4,'JALEA DE FRUTAS TROPICALES',3),(108,4,'JALEA DE FRUTAS TROPICALES',3),(109,4,'SALSA DE CHILE PICANTE',2),(110,4,'ENCURTIDO',2),(111,4,'ENCURTIDO ',3),(112,5,'LOMO DE AGUJA',3),(113,5,'LOMO DE ROLLIZO',3),(114,5,'POSTA ANGELINA',3),(115,5,'POSTA DE PECHO',3),(116,5,'POSTA NEGRA',3),(117,5,'PUYAZO',3),(118,5,'SALON',3),(119,5,'SOLOMO',3),(120,5,'CARNE DE PORCINO',3),(121,5,'CHICHARRON DE PORCINO',3),(122,5,'COSTILLA DE PORCINO',3),(123,5,'LOMO DE PORCINO',3),(124,5,'POSTA DE PORCINO',3),(125,5,'CHULETA ',3),(126,5,'CHIULETA AUMADA',3),(127,5,'CARNE DE POLLO',3),(128,5,'MUSLO DE POLLO',3),(129,5,'PECHUGA DE POLLO',3),(130,5,'MILANESA DE POLLO',3),(131,5,'MENUDOS (MOLLEJAS, PATAS, HIGADO...)',3),(132,5,'HUEVO JUMBO',2),(133,5,'HUEVO  GRANDE',2),(134,5,'HUEVO  MEDIANO',2),(135,5,'LÁCTEOS',5),(136,5,'CREMA',5),(137,5,'QUESILLO',3),(138,5,'QUESO DURO BLANDO',3),(139,5,'QUESO DURO VIEJO',3),(140,5,'QUESO FRESCO',3),(141,5,'CUAJADA',3),(142,6,'BAGRE, PESCADO ENTERO, FRESCO',3),(143,6,'BOCA COLORADA, PESCADO ENTERO MEDIANO',3),(144,6,'CAMARON  MEDIANO',3),(145,6,'CAMARON AGUA DULCE',3),(146,6,'CAMARON GRANDE',3),(147,6,'CAMARONCILLO SECO SALADO',3),(148,6,'COLA DE CAMARON',3),(149,6,'CURVINA, FRESCO, ENTERO',3),(150,6,'LONJA  O FILETE DE DORADO',3),(151,6,'LONJA O FILETE DE BOCA COLORADA O PARGO',3),(152,6,'LONJA O FILETE DE TIBURON',3),(153,6,'MACARELA, FRESCA, ENTERA',3),(154,6,'MACARELA, SECO, ENTERO',3),(155,6,'ROBALO, FRESCO, ENTERO',3),(156,6,'TILAPIA, FRESCA, ENTERA, GRANDE',3),(157,6,'PESCADO SECO, SALADO',3),(158,6,'PESCA EN ALTA MAR DE PESCADO Y CAMARON',3),(159,7,'HAMACAS DE NYLON',2),(160,7,'HAMACAS DE HILO DE ALGODÓN',2),(161,7,'HAMACAS DE POLISEDA',2),(162,7,'HAMACA DE TELA DE TELAR',2),(163,7,'BORDADO Y PINTADO A MANO',2),(164,7,'MACETA CERAMICA DEC. PINTURA LITICA',2),(165,7,'TEXTIL BORDADO',2),(166,7,'TEXTIL-DIBUJADAS',2),(167,7,'TEXTIL -BORDADO',2),(168,7,'TEXTIL -CONFECCION',2),(169,7,'TEXTIL -COJINES',2),(170,7,'BLUSA MANTA BORDADA',2),(171,7,'CAMISETA-BORDADA',2),(172,7,'CAMISA-BORDADO',2),(173,7,'ROPA BORDADA A MANO',2),(174,7,'MOCHILA TIPO ALPINA-TELA-TELAR',2),(175,7,'CAMISAS-MANTA-BORDADO',2),(176,7,'ARTESANÍA DECORADA EN MADERA CON REPUJADO EN LAMINA DE ALUMINIO ',2),(177,7,'PIEZAS DE MADERAS-PINTADAS',2),(178,7,'PORTA CARTA MADERA PINTADA',2),(179,7,'LETRAS DE MADERA DECORADA',2),(180,7,'PORTA NOTAS DE MADERA DECORADA',2),(181,7,'ASTILLAS DE MADERA ECORADA',2),(182,7,'JUEGO DE COLLAR Y ARETES ',2),(183,7,'COLLAR-MORRO-BORDADO',2),(184,7,'PULCERA-TEJIDAS-PIEDRA',2),(185,7,'JOYERIA CON SEMILLA  MORRO-ARTETE, COLLAR',2),(186,7,'BOLSOS EN CROCHE',2),(187,7,'INDIV. DE MESA-CROCHE',2),(188,7,'BOLSOS TEJIDOS EN CROCHE',2),(189,7,'BOLSOS CROCHE-CUERO',2),(190,7,'PINTURA SOBRE PIEDRAS DE RIO',2),(191,7,'DISPENSADOR DE AZUCAR DE MORRO',2),(192,8,'TELA DE TELAR',2),(193,8,'UNIFORMES ESCOLARES',2),(194,8,'ROPA PARA MUJER',2),(195,8,'ROPA PARA HOMBRE',2),(196,8,'TRAJES A LA MEDIDA',2),(197,8,'ROPA DEPORTIVA',2),(198,8,'VESTIDOS DE NOCIA',2),(199,8,'GABACHAS MEDICAS',2),(200,8,'OVEROL DE MECANICO',2),(201,8,'MASCARILLA O TAPA BOCA DE TELA',2),(202,8,'BORDADO DE LOGOTIPO Y MARCAS',2),(203,9,'ZAPATO ESCOLAR DE NIÑOS Y NIÑAS',2),(204,9,'ZAPATO PARA DAMAS Y CABALLEROS',2),(205,9,'ZAPATO CASUAL PARA DAMAS Y CABALLEROS',2),(206,9,'BOTA DE TRABAJO PARA DAMAS Y CABALLEROS',2),(207,9,'BOTAS DE SEGURIDAD PARA DAMAS Y CABALLEROS',2),(208,9,'ZAPATO CASUAL PARA DAMAS Y CABALLEROS',2),(209,9,'SANDALIA PARA DAMAS Y CABALLEROS',2),(210,9,'TENIS PARA DAMAS Y CABALLEROS',2),(211,9,'ZAPATO DE FUTBOL PARA DAMAS Y CABALLEROS',2);

--
-- Table structure for table `sector`
--

CREATE TABLE `sector` (
  `sector_id` int(11) NOT NULL AUTO_INCREMENT,
  `nombre` varchar(255) NOT NULL,
  PRIMARY KEY (`sector_id`)
) ENGINE=InnoDB DEFAULT CHARSET=utf8;

--
-- Dumping data for table `sector`
--


--
-- Table structure for table `tipo_cliente`
--

CREATE TABLE `tipo_cliente` (
  `tipo_cliente_id` int(11) NOT NULL AUTO_INCREMENT,
  `nombre` varchar(255) NOT NULL,
  `clasificacion` enum('EMPRENDEDOR','MYPE','NO DEFINIDO','AMBOS') NOT NULL DEFAULT 'NO DEFINIDO',
  `es_grupo` tinyint(4) NOT NULL DEFAULT '0',
  PRIMARY KEY (`tipo_cliente_id`)
) ENGINE=InnoDB DEFAULT CHARSET=utf8;

--
-- Dumping data for table `tipo_cliente`
--


--
-- Table structure for table `unidad`
--

CREATE TABLE `unidad` (
  `unidad_id` int(11) NOT NULL AUTO_INCREMENT,
  `nombre` varchar(100) NOT NULL,
  PRIMARY KEY (`unidad_id`)
) ENGINE=InnoDB AUTO_INCREMENT=6 DEFAULT CHARSET=utf8;

--
-- Dumping data for table `unidad`
--

INSERT INTO `unidad` VALUES (1,'Quintal'),(2,'Unidad'),(3,'libra'),(4,'Kilogramo'),(5,'Botella');


